{"id":981,"date":"2025-11-03T10:22:03","date_gmt":"2025-11-03T09:22:03","guid":{"rendered":"https:\/\/xyneo.pl\/?page_id=981"},"modified":"2025-12-14T19:37:31","modified_gmt":"2025-12-14T18:37:31","slug":"polityka-prywatnosci-ochrona-danych-osobowych","status":"publish","type":"page","link":"https:\/\/xyneo.pl\/index.php\/polityka-prywatnosci-ochrona-danych-osobowych\/","title":{"rendered":"Polityka prywatno\u015bci, ochrona danych osobowych."},"content":{"rendered":"\n<div style=\"height:51px\" aria-hidden=\"true\" class=\"wp-block-spacer\"><\/div>\n\n\n\n<p class=\"has-medium-font-size\">Administratorem Twoich danych osobowych jest XYNEO \u2013 Fundacja Rozwoju Medycyny Spersonalizowanej, z siedzib\u0105 przy ul. Legion\u00f3w 2, 41-196 Knur\u00f3w, wpisana do Krajowego Rejestru S\u0105dowego pod nr 0000920784, NIP 9691647759, REGON 389902534, adres e-mail: fundacja.rms@gmail.com.<br>Masz prawo dost\u0119pu do swoich danych, ich sprostowania, \u017c\u0105dania ich usuni\u0119cia, prawo ograniczenia przetwarzania i prawo przenoszenia danych. Przys\u0142uguje Ci prawo wniesienia skargi do organu nadzorczego, je\u017celi Twoje dane s\u0105 przetwarzane niezgodnie z wymogami prawnymi. Dane b\u0119d\u0105 przetwarzane w celu prowadzenia przez Administratora dzia\u0142alno\u015bci leczniczej, w szczeg\u00f3lno\u015bci w celu \u015bwiadczenia us\u0142ug medycznych, udzielania \u015bwiadcze\u0144 zdrowotnych na odleg\u0142o\u015b\u0107 (telemedycyna), analizowania informacji zawartych w elektronicznych ankietach\/ formularzach medycznych oraz prowadzenia wymaganej przepisami prawa dokumentacji medycznej. Podanie danych jest dobrowolne, jednak\u017ce ich niepodanie b\u0119dzie skutkowa\u0142o niemo\u017cno\u015bci\u0105 wykonania us\u0142ugi medycznej. Podstaw\u0105 prawn\u0105 przetwarzania Twoich danych w zakresie prowadzenia dzia\u0142alno\u015bci leczniczej, w tym prowadzenia dokumentacji medycznej, jest art. 6 ust. 1 lit. c RODO w zw. z ustaw\u0105 o dzia\u0142alno\u015bci leczniczej oraz ustaw\u0105 o prawach pacjenta i Rzeczniku Praw Pacjenta. Podstaw\u0105 przetwarzania danych w zakresie niezb\u0119dnym dla ochrony \u017cywotnych interes\u00f3w<br>pacjenta mo\u017ce by\u0107 art. 6 ust. 1 lit. d RODO. W zakresie danych szczeg\u00f3lnych kategorii podstaw\u0105 prawn\u0105 przetwarzania jest art. 9 ust. 2 lit. c i h RODO.<br>Odbiorcami danych osobowych b\u0119d\u0105: kurierzy, poczta, biura rachunkowe, pracownicy podmiotu leczniczego, biura prawne, a tak\u017ce podmioty \u015bwiadcz\u0105ce us\u0142ugi informatyczne, w tym obs\u0142ug\u0119 system\u00f3w elektronicznych ankiet i telemedycyny \u2014 wy\u0142\u0105cznie w zakresie niezb\u0119dnym do realizacji us\u0142ug.<br>Twoje dane osobowe nie b\u0119d\u0105 przekazywane do pa\u0144stw znajduj\u0105cych si\u0119 poza Europejskim Obszarem Gospodarczym, chyba \u017ce nast\u0105pi to z zastosowaniem odpowiednich zabezpiecze\u0144 przewidzianych przez RODO. Administrator mo\u017ce stosowa\u0107 wobec Ciebie profilowanie w rozumieniu art. 4 pkt 4 RODO, polegaj\u0105ce na analizie danych podanych w elektronicznych ankietach\/formularzach medycznych w celu oceny Twojego stanu zdrowia, wst\u0119pnej kwalifikacji do \u015bwiadczenia zdrowotnego lub ukierunkowania procesu diagnostycznego. Profilowanie to nie prowadzi do zautomatyzowanego podejmowania decyzji w rozumieniu art. 22 RODO i nie wywo\u0142uje wobec Ciebie skutk\u00f3w prawnych ani podobnie istotnych \u2014 ostateczne decyzje medyczne podejmuje personel medyczny. Dane osobowe zawarte w dokumentacji medycznej b\u0119d\u0105 przetwarzane zgodnie z art. 29 ust. 1 ustawy o prawach pacjenta i Rzeczniku Praw Pacjenta, tj. przez okres 20 lat, licz\u0105c od ko\u0144ca roku kalendarzowego, w kt\u00f3rym dokonano ostatniego wpisu, z wyj\u0105tkami:<br>a) dokumentacja w przypadku zgonu pacjenta na skutek uszkodzenia cia\u0142a lub zatrucia \u2013 30 lat,<br>b) dokumentacja dotycz\u0105ca monitorowania los\u00f3w krwi \u2013 30 lat,<br>c) zdj\u0119cia rentgenowskie przechowywane poza dokumentacj\u0105 \u2013 10 lat,<br>d) skierowania i zlecenia \u2013 5 lat (lub 2 lata, je\u015bli \u015bwiadczenie nie zosta\u0142o udzielone),<br>e) dokumentacja dzieci do uko\u0144czenia 2 roku \u017cycia \u2013 22 lata.<\/p>\n\n\n\n<div style=\"height:37px\" aria-hidden=\"true\" class=\"wp-block-spacer\"><\/div>\n\n\n\n<p>Pliki do pobrania:<\/p>\n\n\n\n<div class=\"wp-block-file\"><a id=\"wp-block-file--media-1b1b35f2-8fe6-435f-acef-9ef1a03a89dd\" href=\"https:\/\/xyneo.pl\/wp-content\/uploads\/2025\/12\/Instrukcja-postepowa-nia-personelu-medycznego-w-spr-awach-udostepniania-informacj-i-o-stanie-zdrowia-Pacjenta.pdf\">Instrukcja postepowania personelu medycznego w sprawach udost\u0119pniania informacji o stanie zdrowia pacjenta<\/a><a href=\"https:\/\/xyneo.pl\/wp-content\/uploads\/2025\/12\/Instrukcja-postepowa-nia-personelu-medycznego-w-spr-awach-udostepniania-informacj-i-o-stanie-zdrowia-Pacjenta.pdf\" class=\"wp-block-file__button wp-element-button\" download aria-describedby=\"wp-block-file--media-1b1b35f2-8fe6-435f-acef-9ef1a03a89dd\">Pobierz<\/a><\/div>\n\n\n\n<div class=\"wp-block-file\"><a id=\"wp-block-file--media-8251aeb2-d869-4239-8388-a9c188bb27ed\" href=\"https:\/\/xyneo.pl\/wp-content\/uploads\/2025\/12\/Klauzula-informacyjna-dla-pacjenta-korzystajacego-ze-swiadczen-zdrowotnych-udzielanych-za-posrednictwem-systemow-teleinformatycznych-lub-systemow-lacznosci-telemedycyna.pdf\">Klauzula informacyjna dla pacjenta korzystaj\u0105cego ze \u015bwiadcze\u0144 zdrowotnych udzielanych za po\u015brednictwem system\u00f3w teleinformatycznych lub system\u00f3w \u0142\u0105czno\u015bci telemedycyna<\/a><a href=\"https:\/\/xyneo.pl\/wp-content\/uploads\/2025\/12\/Klauzula-informacyjna-dla-pacjenta-korzystajacego-ze-swiadczen-zdrowotnych-udzielanych-za-posrednictwem-systemow-teleinformatycznych-lub-systemow-lacznosci-telemedycyna.pdf\" class=\"wp-block-file__button wp-element-button\" download aria-describedby=\"wp-block-file--media-8251aeb2-d869-4239-8388-a9c188bb27ed\">Pobierz<\/a><\/div>\n\n\n\n<div class=\"wp-block-file\"><a id=\"wp-block-file--media-f8a02d4e-9f45-411c-b60d-f3234acff7b2\" href=\"https:\/\/xyneo.pl\/wp-content\/uploads\/2025\/12\/Klauzula-informacyjna-dla-pacjenta.pdf\">Klauzula informacyjna dla pacjenta<\/a><a href=\"https:\/\/xyneo.pl\/wp-content\/uploads\/2025\/12\/Klauzula-informacyjna-dla-pacjenta.pdf\" class=\"wp-block-file__button wp-element-button\" download aria-describedby=\"wp-block-file--media-f8a02d4e-9f45-411c-b60d-f3234acff7b2\">Pobierz<\/a><\/div>\n\n\n\n<div class=\"wp-block-file\"><a id=\"wp-block-file--media-da898f4c-1bc0-4ba0-816b-eadf911ec281\" href=\"https:\/\/xyneo.pl\/wp-content\/uploads\/2025\/12\/OSWIADCZENIE-O-UPOWAZNIENIU-LUB-BRAKU-UPOWAZNIENIA-DODOSTEPUDO-DOKUMENTACJI-MEDYCZNEJ-UDZIELANIA-INFORMACJI-O-STANIE-ZDROWIA-PACJENTA.pdf\">OSWIADCZENIE O UPOWAZNIENIU LUB BRAKU UPOWA\u017bNIENIA DO DOSTEPU DO DOKUMENTACJI MEDYCZNEJ UDZIELANIA INFORMACJI O STANIE ZDROWIA PACJENTA<\/a><a href=\"https:\/\/xyneo.pl\/wp-content\/uploads\/2025\/12\/OSWIADCZENIE-O-UPOWAZNIENIU-LUB-BRAKU-UPOWAZNIENIA-DODOSTEPUDO-DOKUMENTACJI-MEDYCZNEJ-UDZIELANIA-INFORMACJI-O-STANIE-ZDROWIA-PACJENTA.pdf\" class=\"wp-block-file__button wp-element-button\" download aria-describedby=\"wp-block-file--media-da898f4c-1bc0-4ba0-816b-eadf911ec281\">Pobierz<\/a><\/div>\n\n\n\n<div class=\"wp-block-file\"><a id=\"wp-block-file--media-41d83b10-a175-4a8c-bcdb-f82cb75dbf5a\" href=\"https:\/\/xyneo.pl\/wp-content\/uploads\/2025\/12\/Polityka-ochrony-danych-osobowych.pdf\">Polityka ochrony danych osobowych<\/a><a href=\"https:\/\/xyneo.pl\/wp-content\/uploads\/2025\/12\/Polityka-ochrony-danych-osobowych.pdf\" class=\"wp-block-file__button wp-element-button\" download aria-describedby=\"wp-block-file--media-41d83b10-a175-4a8c-bcdb-f82cb75dbf5a\">Pobierz<\/a><\/div>\n","protected":false},"excerpt":{"rendered":"<p>Administratorem Twoich danych osobowych jest XYNEO \u2013 Fundacja Rozwoju Medycyny Spersonalizowanej, z siedzib\u0105 przy ul. Legion\u00f3w 2, 41-196 Knur\u00f3w, wpisana do Krajowego Rejestru S\u0105dowego pod nr 0000920784, NIP 9691647759, REGON 389902534, adres e-mail: fundacja.rms@gmail.com.Masz prawo dost\u0119pu do swoich danych, ich sprostowania, \u017c\u0105dania ich usuni\u0119cia, prawo ograniczenia przetwarzania i prawo przenoszenia danych. Przys\u0142uguje Ci prawo wniesienia &#8230; <a title=\"Polityka prywatno\u015bci, ochrona danych osobowych.\" class=\"read-more\" href=\"https:\/\/xyneo.pl\/index.php\/polityka-prywatnosci-ochrona-danych-osobowych\/\" aria-label=\"More on Polityka prywatno\u015bci, ochrona danych osobowych.\">Czytaj dalej<\/a><\/p>\n","protected":false},"author":1,"featured_media":0,"parent":0,"menu_order":0,"comment_status":"closed","ping_status":"closed","template":"","meta":{"footnotes":""},"class_list":["post-981","page","type-page","status-publish"],"_links":{"self":[{"href":"https:\/\/xyneo.pl\/index.php\/wp-json\/wp\/v2\/pages\/981","targetHints":{"allow":["GET"]}}],"collection":[{"href":"https:\/\/xyneo.pl\/index.php\/wp-json\/wp\/v2\/pages"}],"about":[{"href":"https:\/\/xyneo.pl\/index.php\/wp-json\/wp\/v2\/types\/page"}],"author":[{"embeddable":true,"href":"https:\/\/xyneo.pl\/index.php\/wp-json\/wp\/v2\/users\/1"}],"replies":[{"embeddable":true,"href":"https:\/\/xyneo.pl\/index.php\/wp-json\/wp\/v2\/comments?post=981"}],"version-history":[{"count":11,"href":"https:\/\/xyneo.pl\/index.php\/wp-json\/wp\/v2\/pages\/981\/revisions"}],"predecessor-version":[{"id":1065,"href":"https:\/\/xyneo.pl\/index.php\/wp-json\/wp\/v2\/pages\/981\/revisions\/1065"}],"wp:attachment":[{"href":"https:\/\/xyneo.pl\/index.php\/wp-json\/wp\/v2\/media?parent=981"}],"curies":[{"name":"wp","href":"https:\/\/api.w.org\/{rel}","templated":true}]}}