{"id":321,"date":"2022-10-01T13:55:08","date_gmt":"2022-10-01T11:55:08","guid":{"rendered":"https:\/\/xyneo.pl\/?page_id=321"},"modified":"2025-12-30T11:14:35","modified_gmt":"2025-12-30T10:14:35","slug":"kontakt","status":"publish","type":"page","link":"https:\/\/xyneo.pl\/index.php\/kontakt\/","title":{"rendered":"KONTAKT"},"content":{"rendered":"\n<p>Dane kontaktowe:<\/p>\n\n\n\n<div class=\"wp-block-columns is-layout-flex wp-container-core-columns-is-layout-9d6595d7 wp-block-columns-is-layout-flex\">\n<div class=\"wp-block-column is-layout-flow wp-block-column-is-layout-flow\" style=\"flex-basis:45%\">\n<p><\/p>\n\n\n\n<p>Centrum Medyczne XYNEO<br>ul. Legion\u00f3w 2, Knur\u00f3w<br>Telefon: 535-775-712<br>E-mail: <a href=\"mailto:rejestracja@xyneo.pl\" target=\"_blank\" rel=\"noreferrer noopener\">rejestracja@xyneo.pl<\/a><\/p>\n<\/div>\n\n\n\n<div class=\"wp-block-column is-layout-flow wp-block-column-is-layout-flow\" style=\"flex-basis:55%\">\n<figure class=\"wp-block-image size-full is-resized\"><img loading=\"lazy\" decoding=\"async\" width=\"695\" height=\"687\" src=\"https:\/\/xyneo.pl\/wp-content\/uploads\/2022\/12\/knurow_mapa-1.png\" alt=\"\" class=\"wp-image-587\" style=\"width:195px;height:auto\" srcset=\"https:\/\/xyneo.pl\/wp-content\/uploads\/2022\/12\/knurow_mapa-1.png 695w, https:\/\/xyneo.pl\/wp-content\/uploads\/2022\/12\/knurow_mapa-1-300x297.png 300w, https:\/\/xyneo.pl\/wp-content\/uploads\/2022\/12\/knurow_mapa-1-24x24.png 24w, https:\/\/xyneo.pl\/wp-content\/uploads\/2022\/12\/knurow_mapa-1-36x36.png 36w, https:\/\/xyneo.pl\/wp-content\/uploads\/2022\/12\/knurow_mapa-1-48x48.png 48w\" sizes=\"auto, (max-width: 695px) 100vw, 695px\" \/><\/figure>\n<\/div>\n<\/div>\n\n\n\n<p><\/p>\n\n\n\n<p>Godziny rejestracji:<\/p>\n\n\n\n<p>poniedzia\u0142ek &#8211; pi\u0105tek 8:00 &#8211; 18:00<\/p>\n\n\n\n<figure class=\"wp-block-image size-full is-resized\"><a href=\"https:\/\/rejestracja.medfile.pl\/register\/catalog\/?uuid=a36c2a9b-e468-2a36-a17d-9ee9b26d9155\"><img loading=\"lazy\" decoding=\"async\" width=\"482\" height=\"128\" src=\"https:\/\/xyneo.pl\/wp-content\/uploads\/2022\/12\/rejestracja_nowy.png\" alt=\"\" class=\"wp-image-564\" style=\"width:194px;height:52px\" srcset=\"https:\/\/xyneo.pl\/wp-content\/uploads\/2022\/12\/rejestracja_nowy.png 482w, https:\/\/xyneo.pl\/wp-content\/uploads\/2022\/12\/rejestracja_nowy-300x80.png 300w, https:\/\/xyneo.pl\/wp-content\/uploads\/2022\/12\/rejestracja_nowy-24x6.png 24w, https:\/\/xyneo.pl\/wp-content\/uploads\/2022\/12\/rejestracja_nowy-36x10.png 36w, https:\/\/xyneo.pl\/wp-content\/uploads\/2022\/12\/rejestracja_nowy-48x13.png 48w\" sizes=\"auto, (max-width: 482px) 100vw, 482px\" \/><\/a><\/figure>\n\n\n\n<div style=\"height:28px\" aria-hidden=\"true\" class=\"wp-block-spacer\"><\/div>\n\n\n\n<p>Godziny przyj\u0119\u0107:<\/p>\n\n\n\n<p><strong>Poradnia onkologiczna<\/strong><\/p>\n\n\n\n<div class=\"wp-block-group is-vertical is-layout-flex wp-container-core-group-is-layout-8cf370e7 wp-block-group-is-layout-flex\">\n<p>czwartek         15:30 &#8211; 19:00<\/p>\n<\/div>\n\n\n\n<p><\/p>\n\n\n\n<figure class=\"wp-block-image size-full is-resized\"><a href=\"https:\/\/www.medfile.pl\/rafal-kurzawa\/onkolog\/knurow\/\"><img loading=\"lazy\" decoding=\"async\" width=\"482\" height=\"128\" src=\"https:\/\/xyneo.pl\/wp-content\/uploads\/2022\/12\/rejestracja_nowy.png\" alt=\"\" class=\"wp-image-564\" style=\"width:194px;height:52px\" srcset=\"https:\/\/xyneo.pl\/wp-content\/uploads\/2022\/12\/rejestracja_nowy.png 482w, https:\/\/xyneo.pl\/wp-content\/uploads\/2022\/12\/rejestracja_nowy-300x80.png 300w, https:\/\/xyneo.pl\/wp-content\/uploads\/2022\/12\/rejestracja_nowy-24x6.png 24w, https:\/\/xyneo.pl\/wp-content\/uploads\/2022\/12\/rejestracja_nowy-36x10.png 36w, https:\/\/xyneo.pl\/wp-content\/uploads\/2022\/12\/rejestracja_nowy-48x13.png 48w\" sizes=\"auto, (max-width: 482px) 100vw, 482px\" \/><\/a><\/figure>\n\n\n\n<div style=\"height:25px\" aria-hidden=\"true\" class=\"wp-block-spacer\"><\/div>\n\n\n\n<p><strong>Gabinet fizjoterapii stomatologicznej<\/strong><\/p>\n\n\n\n<p>poniedzia\u0142ek 13:00 \u2013 18:00<br>wtorek 15:00 \u2013 20:00<br>\u015broda 9:00 \u2013 12:00<br>czwartek 15:00 \u2013 20:00<br>pi\u0105tek 9:00 \u2013 12:00<\/p>\n\n\n\n<p>Termin ustalany jest podczas wcze\u015bniejszej rejestracji telefonicznej.<\/p>\n\n\n\n<figure class=\"wp-block-image size-full is-resized\"><a href=\"https:\/\/www.medfile.pl\/katarzyna-kurzawa\/specjalista\/polska\/\"><img loading=\"lazy\" decoding=\"async\" width=\"482\" height=\"128\" src=\"https:\/\/xyneo.pl\/wp-content\/uploads\/2022\/12\/rejestracja_nowy.png\" alt=\"\" class=\"wp-image-564\" style=\"width:194px;height:52px\" srcset=\"https:\/\/xyneo.pl\/wp-content\/uploads\/2022\/12\/rejestracja_nowy.png 482w, https:\/\/xyneo.pl\/wp-content\/uploads\/2022\/12\/rejestracja_nowy-300x80.png 300w, https:\/\/xyneo.pl\/wp-content\/uploads\/2022\/12\/rejestracja_nowy-24x6.png 24w, https:\/\/xyneo.pl\/wp-content\/uploads\/2022\/12\/rejestracja_nowy-36x10.png 36w, https:\/\/xyneo.pl\/wp-content\/uploads\/2022\/12\/rejestracja_nowy-48x13.png 48w\" sizes=\"auto, (max-width: 482px) 100vw, 482px\" \/><\/a><\/figure>\n\n\n\n<div style=\"height:25px\" aria-hidden=\"true\" class=\"wp-block-spacer\"><\/div>\n\n\n\n<p><strong>Poradnia chirurgii naczyniowej<\/strong><\/p>\n\n\n\n<p>Pacjenci s\u0105 przyjmowani raz w miesi\u0105cu po wcze\u015bniejszej rejestracji telefonicznej.<\/p>\n\n\n\n<p><\/p>\n\n\n\n<p><\/p>\n","protected":false},"excerpt":{"rendered":"<p>Dane kontaktowe: Centrum Medyczne XYNEOul. Legion\u00f3w 2, Knur\u00f3wTelefon: 535-775-712E-mail: rejestracja@xyneo.pl Godziny rejestracji: poniedzia\u0142ek &#8211; pi\u0105tek 8:00 &#8211; 18:00 Godziny przyj\u0119\u0107: Poradnia onkologiczna czwartek 15:30 &#8211; 19:00 Gabinet fizjoterapii stomatologicznej poniedzia\u0142ek 13:00 \u2013 18:00wtorek 15:00 \u2013 20:00\u015broda 9:00 \u2013 12:00czwartek 15:00 \u2013 20:00pi\u0105tek 9:00 \u2013 12:00 Termin ustalany jest podczas wcze\u015bniejszej rejestracji telefonicznej. Poradnia chirurgii naczyniowej &#8230; <a title=\"KONTAKT\" class=\"read-more\" href=\"https:\/\/xyneo.pl\/index.php\/kontakt\/\" aria-label=\"More on KONTAKT\">Czytaj dalej<\/a><\/p>\n","protected":false},"author":1,"featured_media":0,"parent":0,"menu_order":0,"comment_status":"closed","ping_status":"closed","template":"","meta":{"footnotes":""},"class_list":["post-321","page","type-page","status-publish"],"_links":{"self":[{"href":"https:\/\/xyneo.pl\/index.php\/wp-json\/wp\/v2\/pages\/321","targetHints":{"allow":["GET"]}}],"collection":[{"href":"https:\/\/xyneo.pl\/index.php\/wp-json\/wp\/v2\/pages"}],"about":[{"href":"https:\/\/xyneo.pl\/index.php\/wp-json\/wp\/v2\/types\/page"}],"author":[{"embeddable":true,"href":"https:\/\/xyneo.pl\/index.php\/wp-json\/wp\/v2\/users\/1"}],"replies":[{"embeddable":true,"href":"https:\/\/xyneo.pl\/index.php\/wp-json\/wp\/v2\/comments?post=321"}],"version-history":[{"count":55,"href":"https:\/\/xyneo.pl\/index.php\/wp-json\/wp\/v2\/pages\/321\/revisions"}],"predecessor-version":[{"id":1081,"href":"https:\/\/xyneo.pl\/index.php\/wp-json\/wp\/v2\/pages\/321\/revisions\/1081"}],"wp:attachment":[{"href":"https:\/\/xyneo.pl\/index.php\/wp-json\/wp\/v2\/media?parent=321"}],"curies":[{"name":"wp","href":"https:\/\/api.w.org\/{rel}","templated":true}]}}